What are the prime factors of s?
2, 157
List the prime factors of 560014/49 + -2 - (-2)/14.
3, 13, 293
Let l be ((-56)/10)/(-7)*(-10)/(-4). Suppose -l*r + 0 + 10 = 0. Suppose -5*s + 965 = -r*k, 4*s - 449 - 323 = -3*k. List the prime factors of s.
193
Suppose -1147*u - 3*t - 82491 = -1149*u, -5*u + 2*t = -206200. List the prime factors of u.
2, 3, 29, 79
Suppose 365*k = 333*k + 1121344. What are the prime factors of k?
2, 7, 2503
Suppose 41 = -0*g - 5*g + 4*a, g + a = -10. Let v(y) = -y**2 - 9*y + 3. Let c be v(g). Let f = c - -19. What are the prime factors of f?
2, 11
Suppose 0 = 5*l - 85 + 10. Suppose 0 = -l*y + 27*y - 564. List the prime factors of y.
47
Let b = 423 + -158. Let w be 0 + 2 + (4 - 3). Suppose -b + 94 = -w*k. List the prime factors of k.
3, 19
Let p(d) = d**2 - d - 2. Let j(q) = 4*q**2 + 18*q - 55. Let r(g) = j(g) - 5*p(g). What are the prime factors of r(10)?
5, 17
Let z(g) = g**2 - 91*g + 2867. List the prime factors of z(0).
47, 61
Suppose -5*l + 30 = 3*n, -4*l - 3*n + 17 = -10. Suppose 4*x = -l*x. Suppose x = -3*c - 4*f + 61, -f = -4*f - 15. List the prime factors of c.
3
Suppose -177*k + 172*k = -1110. Let b = k + 272. List the prime factors of b.
2, 13, 19
Let c = -54 - -60. Suppose 3*r - c = 2*w, -w - 3 = -r + 3*r. What are the prime factors of (-8 + 2)*(w + 1)*7?
2, 3, 7
Suppose m = 2*m + k - 1256, -5*m = -5*k - 6230. Suppose 5*u + m = 8*u. What are the prime factors of u?
3, 139
Let z(d) = -d**3 - 7*d**2 - 5*d + 9. Let t be z(-6). Let s(x) = x**3 + 7*x**3 - 6*x**t - 9*x - 1 + 12*x**2 - 3*x**3. What are the prime factors of s(10)?
109
Let m(w) = 3*w**2 + 30*w + 13. Let x be m(15). List the prime factors of x/10 - (-2 + 54/30).
2, 3, 19
Let w(t) = -4834*t - 50. What are the prime factors of w(-1)?
2, 13, 23
Suppose r + 3*l = 6*l + 17, 2*l + 8 = -r. Suppose 0 = -r*w + 71 + 497. List the prime factors of w.
2, 71
Suppose 55285 = 14*g - 18705. What are the prime factors of g?
5, 7, 151
Let p = 748 - -15191. What are the prime factors of p?
3, 7, 11, 23
Suppose 6*y - 77615 = 20644 - 29265. What are the prime factors of y?
3, 3833
Let q(l) be the third derivative of -47*l**4/24 - l**3/2 - 8*l**2. What are the prime factors of q(-4)?
5, 37
Let q be (-1 - (-4 - -4)) + -655. What are the prime factors of 2 - (q + 3) - -5?
2, 3, 5, 11
Suppose 389*b = 310*b + 103490. List the prime factors of b.
2, 5, 131
Let p(c) = -5*c**3 - 3*c**2 - 3*c - 3. Let i be (28/(-21))/((-2)/(-3)). Let g be p(i). Let f = -5 + g. List the prime factors of f.
2, 13
Let q(b) = 58*b**3 + 3*b**2 - b + 14. Let u be q(3). Let n = 2476 - u. List the prime factors of n.
2, 109
Suppose 2*k - 891 - 2533 = 0. Suppose -5*t = -4*s - k, -s + 8 = 3*s. What are the prime factors of t?
2, 43
Let n(r) = 53*r - 391. Let d be n(8). What are the prime factors of (1 + d/(-15))/(84/(-20440))?
2, 73
Let w be -4 + 4 + 1 + 242. Let d = 181 + w. List the prime factors of d.
2, 53
Let z be 4 - (29406 + -1)/(-5). List the prime factors of ((-21)/(-14) + z/50)*5.
2, 149
What are the prime factors of -1 - 3 - ((-44160)/20 - -9)?
5, 439
Suppose -5*o - 2*c + 57238 = -3*o, 4*c - 228968 = -8*o. List the prime factors of o.
3, 7, 29, 47
Let i be -2*(15/(-20))/((-3)/(-142)). Suppose 209 = 10*g - i. List the prime factors of g.
2, 7
Suppose -2*i + 32 = j, -8*j + 160 = -3*j - 5*i. Let r be (j/(-40))/((-412)/(-205) + -2). Let y = r - -131. What are the prime factors of y?
7
Suppose f - 25*f = -48. Suppose -102 = -4*v - f. List the prime factors of v.
5
Let m(h) = -h + 12 + 16 - 8. Suppose -2*a = -6, 2*a - 7*a = 4*z + 5. What are the prime factors of m(z)?
5
Let h(f) = -46*f**3 - 21*f**2 - 141*f - 3. What are the prime factors of h(-11)?
29, 31, 67
Let o = -485 - -193. Let t = 513 + o. List the prime factors of t.
13, 17
Let d = 5163 + 19225. List the prime factors of d.
2, 7, 13, 67
Let d be 74/(-4)*(1 + 1). Let y = d + 3. Let f = 43 + y. List the prime factors of f.
3
Let n(q) = 1961*q - 3688. List the prime factors of n(23).
3, 5, 11, 251
Let l(h) = -20*h - 14 - 5 + 43*h + 51*h. What are the prime factors of l(4)?
277
Suppose -113601 = -27*o - 849. Suppose 4*j - 2112 = -2*y, -4*y = -2*j - 2*j - o. What are the prime factors of y?
2, 131
Suppose 276*y = 10949680 + 6999428. What are the prime factors of y?
65033
Let u = -1076 + 640. Let z = 56 + u. List the prime factors of 10*(z/(-25) - 4).
2, 7
Let j(l) = 25*l**2 - 10*l - 2082. List the prime factors of j(-38).
2, 3, 7, 13
Let s = -21490 - -47213. List the prime factors of s.
29, 887
Suppose -5*s = -c + 2846, 834*s - 829*s = 3*c - 8558. What are the prime factors of c?
2, 3, 7, 17
Let v = 19198 - 8221. What are the prime factors of (-12)/(-42) - v/(-21)?
523
Suppose 67*i - 61*i - 6390 = 0. Let q = -608 + i. What are the prime factors of q?
457
Suppose -8*w = 33 + 23. List the prime factors of (-2023)/w + -10 + 9.
2, 3
Let k(i) = 585*i - 519. What are the prime factors of k(4)?
3, 607
Suppose -37 = -7*c - 275. Let k = c - -263. What are the prime factors of k?
229
Suppose 343064 = -17*u + 1063269. List the prime factors of u.
5, 37, 229
Suppose 6*i = -125 + 41. Let h = i - -20. List the prime factors of 1450/15 - 4/h.
2, 3
List the prime factors of 78/(-14 - (-41264)/2944).
2, 13, 23
Suppose 8*u + 3 + 5 = 0. Let q be 0 + (0 + 0/(-4))/u. Suppose -508 = -f - 3*f + 4*o, 2*f + o - 242 = q. List the prime factors of f.
3, 41
Suppose x - 231 - 146 = 0. Let b = x - -742. What are the prime factors of b?
3, 373
Let f(h) = 1421*h**2 - 7*h - 37. What are the prime factors of f(-5)?
3, 3947
Let w(f) = f**3 - 17*f**2 + 35*f - 511. What are the prime factors of w(30)?
12239
Let k = -612 + 423. Let m = -128 - k. List the prime factors of m.
61
Suppose -5*d = 4*h - 5460, 2*d - 2*h + 720 = 2922. Suppose 0 = -10*y + 6*y - d. Let r = -186 - y. List the prime factors of r.
2, 11
What are the prime factors of (187/(-33))/(3 - (13231/2205 + -3))?
3, 5, 7, 17
Let c be 2*((-2)/9 - (-156)/(-27)). Let t = 13 - c. Let v = t + 2. List the prime factors of v.
3
Suppose 71 = -9*u - 10. Let a be u - 0 - (1 + (3 - 2)). What are the prime factors of (a/(440/848))/(4/(-10))?
53
Suppose -4*g - 126 = 954. Let l = -171 - g. Suppose -3*f + 428 = 4*p, l - 351 = -2*f + 4*p. List the prime factors of f.
2, 17
Let c = -44 + 89. Suppose -c - 47 = -2*i. Suppose 0 = g - i - 44. List the prime factors of g.
2, 3, 5
Let y(t) = 0 - 3 + 215*t**2 + 0 + 88*t**2 - 2*t. List the prime factors of y(-1).
2, 151
Let y(r) = r - 400 - 8*r + 310. List the prime factors of y(-29).
113
Let z(g) = 9469*g**2 - 129*g + 347. List the prime factors of z(3).
103, 827
Let u be 188/8*(-144)/(-8). Suppose -2*f = -u - 319. What are the prime factors of f?
7, 53
Suppose -53495 - 13672 = -29*y + 24966. List the prime factors of y.
3, 353
Suppose -7*x - 27*x + 70923 = -32947. What are the prime factors of x?
5, 13, 47
Let p(y) = y**3 + 26*y**2 + 19*y - 36. Let u be p(-25). Suppose 14*k = -5*k + u. List the prime factors of k.
2, 3
Let x(b) = -b**2 + 67. Let w(m) = -m**2 + 134. Let g(a) = 3*w(a) - 5*x(a). List the prime factors of g(-7).
3, 5, 11
Let j = 12791 + -9131. What are the prime factors of j?
2, 3, 5, 61
Let a(i) be the second derivative of i**4/12 + 29*i**3/6 - 26*i**2 + 71*i. List the prime factors of a(13).
2, 13, 19
Let m be 12 + -16 - 7*5. Let h be m/12 + (-2)/(-8). List the prime factors of h/2*(-2)/(-6)*-58.
29
Suppose -7139 = -7*j + 46425. What are the prime factors of j?
2, 1913
Let y be ((-56)/20)/(259/(-185)). Suppose -1345 = -3*d + q, 2*d + 2*d + 3*q - 1815 = 0. Suppose y*m = -m + d. List the prime factors of m.
2, 3, 5
Let s be (-2 + 1)*4 - (3 - 11). Suppose s*a - 819 = 373. List the prime factors of a.
2, 149
Let l be (-1 - 0)/(95/(-20) + 5). Let v be l*(-4 + 3 + 3). List the prime factors of v/(-2)*138/8.
3, 23
Suppose -80*h + 248761 = -658759. What are the prime factors of h?
2, 709
Let h be (8*7/28)/(-1). List the prime factors of ((-10978)/(-18) - h) + 4/36.
2, 3, 17
Let n = -647 - -673. Suppose 28184 - 5122 = n*c. List the prime factors of c.
887
Suppose -7*h = -5*c - 2*h + 35, 5*h = 4*c - 31. Suppose 0 = -c*f - 3*w - 3 + 8, -5*f + 4*w = -14. What are the prime factors of ((-3)/f)/(24/(-160))?
2, 5
What are the prime factors of 14391/26*2/3*(9 - -2)?
3, 11, 41
Let t(y) = 110*y + 16